{"id":29989,"date":"2020-07-07T14:22:10","date_gmt":"2020-07-07T14:22:10","guid":{"rendered":"https:\/\/anoiaturisme.cat\/covid-19\/"},"modified":"2020-07-08T11:03:07","modified_gmt":"2020-07-08T11:03:07","slug":"covid-19","status":"publish","type":"page","link":"https:\/\/anoiaturisme.cat\/es\/covid-19\/","title":{"rendered":"COVID-19"},"content":{"rendered":"<div class=\"wpb-content-wrapper\"><p>[vc_row][vc_column][vc_column_text]<\/p>\n<h1 style=\"text-align: center;\">Informacio\u0301n sobre el<br \/>\nCOVID-19<\/h1>\n<p>Nuestras casas rurales, hoteles, restaurantes, actividades de ocio, museos, patrimonio&#8230; Te esperan. Por supuesto, para tu bienestar, en la comarca de la Anoia seguimos las normas de distanciamiento social y de higiene recomendadas por las autoridades sanitarias.<\/p>\n<p>Vive el turismo rural, disfruta del entorno natural, de nuestra gastronom\u00eda de proximidad, de las experiencias sostenibles y no masificadas, y de los parajes y de la diversidad que te regala nuestra comarca.<\/p>\n<p><strong>Esc\u00e1pate en la Anoia, \u00a1te lo mereces!<\/strong>[\/vc_column_text][vc_empty_space][vc_empty_space][\/vc_column][\/vc_row][vc_row][vc_column][vc_single_image image=\u00bb29624&#8243; img_size=\u00bbfull\u00bb alignment=\u00bbcenter\u00bb][vc_empty_space height=\u00bb12px\u00bb][\/vc_column][\/vc_row][vc_row][vc_column][vc_column_text]<\/p>\n<h2 style=\"text-align: center;\">Recomendaciones de higiene<\/h2>\n<p style=\"text-align: center;\"><strong>De acuerdo con las recomendaciones de la Organizaci\u00f3n Mundial de la Salud (OMS) y el Departamento de Salud de la Generalitat de Catalu\u00f1a.<\/strong><\/p>\n<p style=\"padding-left: 40px;\">\u2022 Es obligatorio el uso de mascarilla.<br \/>\n\u2022 Mant\u00e9n las distancias con los otros y evita el contacto f\u00edsico con personas ajenas a vuestro n\u00facleo familiar.<br \/>\n\u2022 L\u00e1vate a menudo las manos durante como m\u00ednimo 20 segundos con agua y jab\u00f3n o con soluciones hidroalcoh\u00f2liques.<br \/>\n\u2022 Mant\u00e9n una correcta higiene personal.<br \/>\n\u2022 Respeta el aforo limitado de los espacios, as\u00ed como tambi\u00e9n tu turno en las l\u00edneas de espera.<\/p>\n<p style=\"text-align: center;\">Para m\u00e1s informaci\u00f3n, visita el<br \/>\n<span style=\"color: #78bddd;\"><a style=\"color: #78bddd;\" href=\"https:\/\/canalsalut.gencat.cat\/ca\/inici\" target=\"_blank\" rel=\"noopener noreferrer\"> Canal Salud de Generalitat de Catalunya.<\/a><\/span><\/p>\n<p>[\/vc_column_text][vc_empty_space][vc_column_text]<\/p>\n<h2 style=\"text-align: center;\">Servicios de Informaci\u00f3n Tur\u00edstica<\/h2>\n<p style=\"text-align: center;\"><strong>Estas son las oficinas de turismo de la comarca que tienes a tu disposici\u00f3n.<br \/>\n<\/strong><\/p>\n<p style=\"text-align: left;\">Para la salud y seguridad de todos y todas, se toman las medidas de higiene y se siguen las recomendaciones de las autoridades sanitarias, as\u00ed como tambi\u00e9n se han reforzado los sistemas de limpieza.<\/p>\n<p>&nbsp;<\/p>\n<p><span style=\"color: #78bddd;\"><strong>Consorcio para la promoci\u00f3n\u0301 de la Alta Anoia<br \/>\n<\/strong><\/span><br \/>\nPaseo Josep Maria Llobet, s\/n \u2013 Esquina Ctra. 1412<br \/>\n08281 Els Prats de Rei<br \/>\nTel\u00e9fono: 93 868 03 66<br \/>\nHorario: de lunes a viernes, de 9 a 13h<br \/>\n<a href=\"http:\/\/www.altaanoia.info\" target=\"_blank\" rel=\"noopener noreferrer\">www.altaanoia.info<\/a><\/p>\n<p>&nbsp;<\/p>\n<p><span style=\"color: #78bddd;\"><strong>Oficina de Turisme de Calaf<\/strong><\/span><br \/>\nPlaza de los \u00e1rboles, s\/n<br \/>\n08280 Calaf<br \/>\nTel\u00e9fono: 93 868 08 33<br \/>\nHorario: de mi\u00e9rcoles a domingo de 08.00 a 14.00 h<br \/>\n<a href=\"http:\/\/www.turismecalaf.cat\" target=\"_blank\" rel=\"noopener noreferrer\">www.turismecalaf.cat<\/a><\/p>\n<p>Consulta las medidas de prevenci\u00f3n espec\u00edficas para las visitas guiadas a <a href=\"http:\/\/turismecalaf.cat\/wp-content\/uploads\/2020\/06\/MESURES-DE-PREVENCI%C3%93-ESPEC%C3%8DFIQUES-PER-LES-VISITES-GUIADES-A-CALAF_COVID19.pdf\" target=\"_blank\" rel=\"noopener noreferrer\">Calaf_COVID19 aqu\u00ed.<\/a><\/p>\n<p>&nbsp;<\/p>\n<p><span style=\"color: #78bddd;\"><strong>El punt de difusi\u00f3 cultural i tur\u00edstica d\u2019Igualada<\/strong><\/span><br \/>\nC\/ Garcia Fossas, 2 (plaza de la Cruz)<br \/>\n08700 IGUALADA<br \/>\nTel\u00e9fono: 93 801 91 16<br \/>\nHorario: De martes a viernes de 19 a 21 h, s\u00e1bados y domingos de 11 a 14 y de 18 a 21 h; lunes cerrado.<br \/>\n<a href=\"http:\/\/www.igualada.cat\" target=\"_blank\" rel=\"noopener noreferrer\">www.igualada.cat<\/a><br \/>\n<span style=\"color: #78bddd;\"><strong>Oficina de turisme de La Llacuna<\/strong><\/span><br \/>\nC\/ Mayor, 4<br \/>\n08779 La Llacuna<br \/>\nTel\u00e9fono: 93 897 68 30<br \/>\nHorario: s\u00e1bado, de 12 a 14 h y de 18 a 20h, y domingo de 12 a 14h.<br \/>\n<a href=\"http:\/\/www.lallacuna.cat\" target=\"_blank\" rel=\"noopener noreferrer\">www.lallacuna.cat<\/a>[\/vc_column_text][vc_empty_space][\/vc_column][\/vc_row]<\/p>\n<\/div>","protected":false},"excerpt":{"rendered":"<p>[vc_row][vc_column][vc_column_text] Informacio\u0301n sobre el COVID-19 Nuestras casas rurales, hoteles, restaurantes, actividades de ocio, museos, patrimonio&#8230; Te esperan. Por supuesto, para tu bienestar, en la comarca de la Anoia seguimos las normas de distanciamiento social y de higiene recomendadas por las autoridades sanitarias. Vive el turismo rural, disfruta del entorno natural, de nuestra gastronom\u00eda de proximidad,&#8230;  <a class=\"excerpt-read-more\" href=\"https:\/\/anoiaturisme.cat\/es\/covid-19\/\" title=\"ReadCOVID-19\">Read more &raquo;<\/a><\/p>\n","protected":false},"author":1,"featured_media":0,"parent":0,"menu_order":0,"comment_status":"closed","ping_status":"closed","template":"","meta":{"_acf_changed":false,"footnotes":""},"class_list":["post-29989","page","type-page","status-publish","hentry"],"acf":[],"yoast_head":"<!-- This site is optimized with the Yoast SEO plugin v26.8 - https:\/\/yoast.com\/product\/yoast-seo-wordpress\/ -->\n<title>COVID-19 &#183; Anoia Turisme<\/title>\n<meta name=\"robots\" content=\"index, follow, max-snippet:-1, max-image-preview:large, max-video-preview:-1\" \/>\n<link rel=\"canonical\" href=\"https:\/\/anoiaturisme.cat\/es\/covid-19\/\" \/>\n<meta property=\"og:locale\" content=\"es_ES\" \/>\n<meta property=\"og:type\" content=\"article\" \/>\n<meta property=\"og:title\" content=\"COVID-19 &#183; Anoia Turisme\" \/>\n<meta property=\"og:description\" content=\"[vc_row][vc_column][vc_column_text] Informacio\u0301n sobre el COVID-19 Nuestras casas rurales, hoteles, restaurantes, actividades de ocio, museos, patrimonio&#8230; Te esperan. Por supuesto, para tu bienestar, en la comarca de la Anoia seguimos las normas de distanciamiento social y de higiene recomendadas por las autoridades sanitarias. Vive el turismo rural, disfruta del entorno natural, de nuestra gastronom\u00eda de proximidad,... Read more &raquo;\" \/>\n<meta property=\"og:url\" content=\"https:\/\/anoiaturisme.cat\/es\/covid-19\/\" \/>\n<meta property=\"og:site_name\" content=\"Anoia Turisme\" \/>\n<meta property=\"article:publisher\" content=\"https:\/\/www.facebook.com\/anoiaturisme\/\" \/>\n<meta property=\"article:modified_time\" content=\"2020-07-08T11:03:07+00:00\" \/>\n<meta name=\"twitter:card\" content=\"summary_large_image\" \/>\n<meta name=\"twitter:site\" content=\"@anoia_turisme\" \/>\n<meta name=\"twitter:label1\" content=\"Tiempo de lectura\" \/>\n\t<meta name=\"twitter:data1\" content=\"2 minutos\" \/>\n<script type=\"application\/ld+json\" class=\"yoast-schema-graph\">{\"@context\":\"https:\/\/schema.org\",\"@graph\":[{\"@type\":\"WebPage\",\"@id\":\"https:\/\/anoiaturisme.cat\/es\/covid-19\/\",\"url\":\"https:\/\/anoiaturisme.cat\/es\/covid-19\/\",\"name\":\"COVID-19 &#183; Anoia Turisme\",\"isPartOf\":{\"@id\":\"https:\/\/anoiaturisme.cat\/#website\"},\"datePublished\":\"2020-07-07T14:22:10+00:00\",\"dateModified\":\"2020-07-08T11:03:07+00:00\",\"breadcrumb\":{\"@id\":\"https:\/\/anoiaturisme.cat\/es\/covid-19\/#breadcrumb\"},\"inLanguage\":\"es\",\"potentialAction\":[{\"@type\":\"ReadAction\",\"target\":[\"https:\/\/anoiaturisme.cat\/es\/covid-19\/\"]}]},{\"@type\":\"BreadcrumbList\",\"@id\":\"https:\/\/anoiaturisme.cat\/es\/covid-19\/#breadcrumb\",\"itemListElement\":[{\"@type\":\"ListItem\",\"position\":1,\"name\":\"Inici\",\"item\":\"https:\/\/anoiaturisme.cat\/es\/\"},{\"@type\":\"ListItem\",\"position\":2,\"name\":\"COVID-19\"}]},{\"@type\":\"WebSite\",\"@id\":\"https:\/\/anoiaturisme.cat\/#website\",\"url\":\"https:\/\/anoiaturisme.cat\/\",\"name\":\"Anoia Turisme\",\"description\":\"Vine a con\u00e8xier l&#039;Anoia!\",\"potentialAction\":[{\"@type\":\"SearchAction\",\"target\":{\"@type\":\"EntryPoint\",\"urlTemplate\":\"https:\/\/anoiaturisme.cat\/?s={search_term_string}\"},\"query-input\":{\"@type\":\"PropertyValueSpecification\",\"valueRequired\":true,\"valueName\":\"search_term_string\"}}],\"inLanguage\":\"es\"}]}<\/script>\n<!-- \/ Yoast SEO plugin. -->","yoast_head_json":{"title":"COVID-19 &#183; Anoia Turisme","robots":{"index":"index","follow":"follow","max-snippet":"max-snippet:-1","max-image-preview":"max-image-preview:large","max-video-preview":"max-video-preview:-1"},"canonical":"https:\/\/anoiaturisme.cat\/es\/covid-19\/","og_locale":"es_ES","og_type":"article","og_title":"COVID-19 &#183; Anoia Turisme","og_description":"[vc_row][vc_column][vc_column_text] Informacio\u0301n sobre el COVID-19 Nuestras casas rurales, hoteles, restaurantes, actividades de ocio, museos, patrimonio&#8230; Te esperan. Por supuesto, para tu bienestar, en la comarca de la Anoia seguimos las normas de distanciamiento social y de higiene recomendadas por las autoridades sanitarias. Vive el turismo rural, disfruta del entorno natural, de nuestra gastronom\u00eda de proximidad,... Read more &raquo;","og_url":"https:\/\/anoiaturisme.cat\/es\/covid-19\/","og_site_name":"Anoia Turisme","article_publisher":"https:\/\/www.facebook.com\/anoiaturisme\/","article_modified_time":"2020-07-08T11:03:07+00:00","twitter_card":"summary_large_image","twitter_site":"@anoia_turisme","twitter_misc":{"Tiempo de lectura":"2 minutos"},"schema":{"@context":"https:\/\/schema.org","@graph":[{"@type":"WebPage","@id":"https:\/\/anoiaturisme.cat\/es\/covid-19\/","url":"https:\/\/anoiaturisme.cat\/es\/covid-19\/","name":"COVID-19 &#183; Anoia Turisme","isPartOf":{"@id":"https:\/\/anoiaturisme.cat\/#website"},"datePublished":"2020-07-07T14:22:10+00:00","dateModified":"2020-07-08T11:03:07+00:00","breadcrumb":{"@id":"https:\/\/anoiaturisme.cat\/es\/covid-19\/#breadcrumb"},"inLanguage":"es","potentialAction":[{"@type":"ReadAction","target":["https:\/\/anoiaturisme.cat\/es\/covid-19\/"]}]},{"@type":"BreadcrumbList","@id":"https:\/\/anoiaturisme.cat\/es\/covid-19\/#breadcrumb","itemListElement":[{"@type":"ListItem","position":1,"name":"Inici","item":"https:\/\/anoiaturisme.cat\/es\/"},{"@type":"ListItem","position":2,"name":"COVID-19"}]},{"@type":"WebSite","@id":"https:\/\/anoiaturisme.cat\/#website","url":"https:\/\/anoiaturisme.cat\/","name":"Anoia Turisme","description":"Vine a con\u00e8xier l&#039;Anoia!","potentialAction":[{"@type":"SearchAction","target":{"@type":"EntryPoint","urlTemplate":"https:\/\/anoiaturisme.cat\/?s={search_term_string}"},"query-input":{"@type":"PropertyValueSpecification","valueRequired":true,"valueName":"search_term_string"}}],"inLanguage":"es"}]}},"_links":{"self":[{"href":"https:\/\/anoiaturisme.cat\/es\/wp-json\/wp\/v2\/pages\/29989","targetHints":{"allow":["GET"]}}],"collection":[{"href":"https:\/\/anoiaturisme.cat\/es\/wp-json\/wp\/v2\/pages"}],"about":[{"href":"https:\/\/anoiaturisme.cat\/es\/wp-json\/wp\/v2\/types\/page"}],"author":[{"embeddable":true,"href":"https:\/\/anoiaturisme.cat\/es\/wp-json\/wp\/v2\/users\/1"}],"replies":[{"embeddable":true,"href":"https:\/\/anoiaturisme.cat\/es\/wp-json\/wp\/v2\/comments?post=29989"}],"version-history":[{"count":0,"href":"https:\/\/anoiaturisme.cat\/es\/wp-json\/wp\/v2\/pages\/29989\/revisions"}],"wp:attachment":[{"href":"https:\/\/anoiaturisme.cat\/es\/wp-json\/wp\/v2\/media?parent=29989"}],"curies":[{"name":"wp","href":"https:\/\/api.w.org\/{rel}","templated":true}]}}

<div class="wpb-content-wrapper"><p>[vc_row][vc_column][vc_column_text]</p>
<h1 style="text-align: center;">Información sobre el<br />
COVID-19</h1>
<p>Nuestras casas rurales, hoteles, restaurantes, actividades de ocio, museos, patrimonio&#8230; Te esperan. Por supuesto, para tu bienestar, en la comarca de la Anoia seguimos las normas de distanciamiento social y de higiene recomendadas por las autoridades sanitarias.</p>
<p>Vive el turismo rural, disfruta del entorno natural, de nuestra gastronomía de proximidad, de las experiencias sostenibles y no masificadas, y de los parajes y de la diversidad que te regala nuestra comarca.</p>
<p><strong>Escápate en la Anoia, ¡te lo mereces!</strong>[/vc_column_text][vc_empty_space][vc_empty_space][/vc_column][/vc_row][vc_row][vc_column][vc_single_image image=»29624&#8243; img_size=»full» alignment=»center»][vc_empty_space height=»12px»][/vc_column][/vc_row][vc_row][vc_column][vc_column_text]</p>
<h2 style="text-align: center;">Recomendaciones de higiene</h2>
<p style="text-align: center;"><strong>De acuerdo con las recomendaciones de la Organización Mundial de la Salud (OMS) y el Departamento de Salud de la Generalitat de Cataluña.</strong></p>
<p style="padding-left: 40px;">• Es obligatorio el uso de mascarilla.<br />
• Mantén las distancias con los otros y evita el contacto físico con personas ajenas a vuestro núcleo familiar.<br />
• Lávate a menudo las manos durante como mínimo 20 segundos con agua y jabón o con soluciones hidroalcohòliques.<br />
• Mantén una correcta higiene personal.<br />
• Respeta el aforo limitado de los espacios, así como también tu turno en las líneas de espera.</p>
<p style="text-align: center;">Para más información, visita el<br />
<span style="color: #78bddd;"><a style="color: #78bddd;" href="https://canalsalut.gencat.cat/ca/inici" target="_blank" rel="noopener noreferrer"> Canal Salud de Generalitat de Catalunya.</a></span></p>
<p>[/vc_column_text][vc_empty_space][vc_column_text]</p>
<h2 style="text-align: center;">Servicios de Información Turística</h2>
<p style="text-align: center;"><strong>Estas son las oficinas de turismo de la comarca que tienes a tu disposición.<br />
</strong></p>
<p style="text-align: left;">Para la salud y seguridad de todos y todas, se toman las medidas de higiene y se siguen las recomendaciones de las autoridades sanitarias, así como también se han reforzado los sistemas de limpieza.</p>
<p>&nbsp;</p>
<p><span style="color: #78bddd;"><strong>Consorcio para la promocióń de la Alta Anoia<br />
</strong></span><br />
Paseo Josep Maria Llobet, s/n – Esquina Ctra. 1412<br />
08281 Els Prats de Rei<br />
Teléfono: 93 868 03 66<br />
Horario: de lunes a viernes, de 9 a 13h<br />
<a href="http://www.altaanoia.info" target="_blank" rel="noopener noreferrer">www.altaanoia.info</a></p>
<p>&nbsp;</p>
<p><span style="color: #78bddd;"><strong>Oficina de Turisme de Calaf</strong></span><br />
Plaza de los árboles, s/n<br />
08280 Calaf<br />
Teléfono: 93 868 08 33<br />
Horario: de miércoles a domingo de 08.00 a 14.00 h<br />
<a href="http://www.turismecalaf.cat" target="_blank" rel="noopener noreferrer">www.turismecalaf.cat</a></p>
<p>Consulta las medidas de prevención específicas para las visitas guiadas a <a href="http://turismecalaf.cat/wp-content/uploads/2020/06/MESURES-DE-PREVENCI%C3%93-ESPEC%C3%8DFIQUES-PER-LES-VISITES-GUIADES-A-CALAF_COVID19.pdf" target="_blank" rel="noopener noreferrer">Calaf_COVID19 aquí.</a></p>
<p>&nbsp;</p>
<p><span style="color: #78bddd;"><strong>El punt de difusió cultural i turística d’Igualada</strong></span><br />
C/ Garcia Fossas, 2 (plaza de la Cruz)<br />
08700 IGUALADA<br />
Teléfono: 93 801 91 16<br />
Horario: De martes a viernes de 19 a 21 h, sábados y domingos de 11 a 14 y de 18 a 21 h; lunes cerrado.<br />
<a href="http://www.igualada.cat" target="_blank" rel="noopener noreferrer">www.igualada.cat</a><br />
<span style="color: #78bddd;"><strong>Oficina de turisme de La Llacuna</strong></span><br />
C/ Mayor, 4<br />
08779 La Llacuna<br />
Teléfono: 93 897 68 30<br />
Horario: sábado, de 12 a 14 h y de 18 a 20h, y domingo de 12 a 14h.<br />
<a href="http://www.lallacuna.cat" target="_blank" rel="noopener noreferrer">www.lallacuna.cat</a>[/vc_column_text][vc_empty_space][/vc_column][/vc_row]</p>
</div>

<p>[vc_row][vc_column][vc_column_text] Información sobre el COVID-19 Nuestras casas rurales, hoteles, restaurantes, actividades de ocio, museos, patrimonio&#8230; Te esperan. Por supuesto, para tu bienestar, en la comarca de la Anoia seguimos las normas de distanciamiento social y de higiene recomendadas por las autoridades sanitarias. Vive el turismo rural, disfruta del entorno natural, de nuestra gastronomía de proximidad,&#8230;  <a class="excerpt-read-more" href="https://anoiaturisme.cat/es/covid-19/" title="ReadCOVID-19">Read more &raquo;</a></p>

<!-- This site is optimized with the Yoast SEO plugin v26.8 - https://yoast.com/product/yoast-seo-wordpress/ -->
<title>COVID-19 &#183; Anoia Turisme</title>
<meta name="robots" content="index, follow, max-snippet:-1, max-image-preview:large, max-video-preview:-1" />
<link rel="canonical" href="https://anoiaturisme.cat/es/covid-19/" />
<meta property="og:locale" content="es_ES" />
<meta property="og:type" content="article" />
<meta property="og:title" content="COVID-19 &#183; Anoia Turisme" />
<meta property="og:description" content="[vc_row][vc_column][vc_column_text] Información sobre el COVID-19 Nuestras casas rurales, hoteles, restaurantes, actividades de ocio, museos, patrimonio&#8230; Te esperan. Por supuesto, para tu bienestar, en la comarca de la Anoia seguimos las normas de distanciamiento social y de higiene recomendadas por las autoridades sanitarias. Vive el turismo rural, disfruta del entorno natural, de nuestra gastronomía de proximidad,... Read more &raquo;" />
<meta property="og:url" content="https://anoiaturisme.cat/es/covid-19/" />
<meta property="og:site_name" content="Anoia Turisme" />
<meta property="article:publisher" content="https://www.facebook.com/anoiaturisme/" />
<meta property="article:modified_time" content="2020-07-08T11:03:07+00:00" />
<meta name="twitter:card" content="summary_large_image" />
<meta name="twitter:site" content="@anoia_turisme" />
<meta name="twitter:label1" content="Tiempo de lectura" />
	<meta name="twitter:data1" content="2 minutos" />
<script type="application/ld+json" class="yoast-schema-graph">{"@context":"https://schema.org","@graph":[{"@type":"WebPage","@id":"https://anoiaturisme.cat/es/covid-19/","url":"https://anoiaturisme.cat/es/covid-19/","name":"COVID-19 &#183; Anoia Turisme","isPartOf":{"@id":"https://anoiaturisme.cat/#website"},"datePublished":"2020-07-07T14:22:10+00:00","dateModified":"2020-07-08T11:03:07+00:00","breadcrumb":{"@id":"https://anoiaturisme.cat/es/covid-19/#breadcrumb"},"inLanguage":"es","potentialAction":[{"@type":"ReadAction","target":["https://anoiaturisme.cat/es/covid-19/"]}]},{"@type":"BreadcrumbList","@id":"https://anoiaturisme.cat/es/covid-19/#breadcrumb","itemListElement":[{"@type":"ListItem","position":1,"name":"Inici","item":"https://anoiaturisme.cat/es/"},{"@type":"ListItem","position":2,"name":"COVID-19"}]},{"@type":"WebSite","@id":"https://anoiaturisme.cat/#website","url":"https://anoiaturisme.cat/","name":"Anoia Turisme","description":"Vine a conèxier l&#039;Anoia!","potentialAction":[{"@type":"SearchAction","target":{"@type":"EntryPoint","urlTemplate":"https://anoiaturisme.cat/?s={search_term_string}"},"query-input":{"@type":"PropertyValueSpecification","valueRequired":true,"valueName":"search_term_string"}}],"inLanguage":"es"}]}</script>
<!-- / Yoast SEO plugin. -->

[vc_row][vc_column][vc_column_text] Información sobre el COVID-19 Nuestras casas rurales, hoteles, restaurantes, actividades de ocio, museos, patrimonio&#8230; Te esperan. Por supuesto, para tu bienestar, en la comarca de la Anoia seguimos las normas de distanciamiento social y de higiene recomendadas por las autoridades sanitarias. Vive el turismo rural, disfruta del entorno natural, de nuestra gastronomía de proximidad,... Read more &raquo;

Vine a conèxier l&#039;Anoia!
